(j).
1
Let x(z) be the first derivative of z**2/2 + 4*z + 13. Determine x(4).
8
Let a(f) = f**2 + 3*f - 2. Let b be (-11)/(-4) + 5/20. Suppose -b*w - w = k - 6, -4*w + k = -10. Suppose 0 = w*s + m - 0*m, 5*s = 5*m + 30. Determine a(s).
8
Let u(c) = -c - 1. Let b be -3*((-10)/(-12) - (-2)/4). What is u(b)?
3
Let c(k) = -13*k**3 - 20*k**2 - 15*k - 3. Let u(l) = 3*l**3 + 5*l**2 + 4*l + 1. Let s(v) = -2*c(v) - 9*u(v). Determine s(-4).
5
Suppose 0 = 2*i + 3*b - 5, -14 = -3*i + 2*b - 0*b. Let n(a) = 14*a - 20. Let u(f) = -5*f + 7. Let s(q) = i*n(q) + 11*u(q). What is s(5)?
2
Let z(p) = -p**2 + 7*p - 5. Let c be z(6). Let x(g) = -7*g + 12. Let m(y) = y - 1. Let v(w) = c*x(w) + 6*m(w). What is v(5)?
1
Suppose i + 3 = -2*o, 1 - 3 = -2*i - 2*o. Let r(x) = x**2 - 6 - 2*x**2 - i*x + 3*x**2 - 3*x**2. Let y be (5/(-2))/(1/2). Calculate r(y).
-6
Let v(n) be the third derivative of 7*n**4/24 - 2*n**3/3 - 13*n**2. Calculate v(3).
17
Let k(i) = 10*i - 40. Suppose b - 2*b - c = 4, -c = 4*b + 13. Let z(j) = -2*j + 8. Let g(x) = b*k(x) - 16*z(x). What is g(6)?
4
Let z be (-1)/((6/(-4))/3). Let i(s) = -2 - s**3 + s + z*s**2 - 1 - s**2 + 1. Let j be (-4)/(-6) + (-2)/3. What is i(j)?
-2
Suppose 2 = d - 4*f, -2*d + 4*f + 2 = -2. Suppose 3*u - 1 = d. Let c(s) = 8*s**3 - s**2 + s - 1. Give c(u).
7
Suppose 0 = 4*g - 3 - 1. Let m(y) = -11*y**3 - 5*y**2 - 5*y + 5. Let p(d) = -10*d**3 - 4*d**2 - 4*d + 4. Let l(z) = 5*m(z) - 6*p(z). Determine l(g).
4
Let m(q) = -q**3 - 4*q**2 - q + 4. Suppose 0 = 4*v + 4*a + 7 + 1, -3*v + 4*a - 13 = 0. What is m(v)?
-2
Let j(g) = 3*g**3 - 5*g**2 + 4*g - 1. Let w(i) = i**3 - i. Let a(l) = -j(l) + 4*w(l). What is a(-6)?
13
Let u(d) = d**3 + 7*d**2 + 7*d - 2. Suppose 14 = -5*l - 16. Give u(l).
-8
Let u(s) = -s**2 - 8*s - 4. Let n be u(-7). Let o(j) be the third derivative of -j**6/120 + j**5/20 - j**4/24 + j**3/3 + 13*j**2. Calculate o(n).
-1
Let u(d) = d + 4. Let s(i) = -i**3 + i**2 - 2*i - 1. Let n be s(2). Give u(n).
-5
Let r(h) = -h + 5. Let o(i) = -i + 4. Let s(t) = -t**2 - 5*t - 5. Let g be s(-5). Let p(d) = g*o(d) + 4*r(d). Give p(6).
6
Suppose 0 = -2*g - g + 12. Suppose 0 = -0*v + g*v. Let o(r) = v*r**2 + 8*r - 2*r + 3 - 2 - r**2. Determine o(5).
6
Let h be 65/10 - 1/(-2). Let w(d) = -d**2 + 7*d - 8. Give w(h).
-8
Suppose b + 3 = -5*d, -4*b + 8 = -d + 20. Let k(s) = -s**3 + s**2 + 1. Calculate k(d).
1
Let t(l) = l**3 - 2*l**2 - 7*l + 5. Let h be ((-4)/(-5))/((-16)/(-80)). Suppose -z - 12 = -2*i - 2*i, -2*z - h = -3*i. Determine t(i).
9
Let j(v) = v - 11. Let r be j(12). Let p(s) be the second derivative of -s**5/20 + s**4/12 - s**3/3 + s**2/2 - s. Give p(r).
-1
Let k(s) = -5 + 3*s + 6*s**2 - s**3 - 3*s - 3*s. Let p be (24/(-18))/(2/(-3)). Let g be 5/10 - (-9)/p. Give k(g).
5
Let w(d) = -2*d + d + 9*d**2 + d + 2 - d. Let s(o) = -2*o - 4*o**2 + 13*o**2 + 10*o**2 + 5. Let n(u) = 3*s(u) - 7*w(u). Calculate n(-1).
-6
Let t(l) = -l - 2 + 2 + 0. Let x(o) = 6*o - 8. Let m(w) = -5*t(w) - x(w). Calculate m(5).
3
Let s(n) = -n**3 - 8*n**2 - 7*n + 5. Suppose 2*t = -2*d + 4*d + 12, 0 = 2*d + 2*t + 16. Give s(d).
5
Let b(l) be the second derivative of -3/2*l**2 + 1/20*l**5 + l + 1/6*l**3 + 0 + 5/12*l**4. What is b(-5)?
-8
Let j(o) be the third derivative of 0 - 1/120*o**5 - 7/24*o**4 + 1/6*o**3 - o**2 + 0*o. Let h(v) be the first derivative of j(v). What is h(-5)?
-2
Let a(o) = o - 1. Suppose -x - 3 = 2*x. Let p = 0 - x. What is a(p)?
0
Let n(a) = a**2 - 2*a. Let b = 6 + -2. Suppose 0 = 2*v - 2*l - 14, b*l + l + 26 = 2*v. Give n(v).
3
Let j(c) = -c + 1. Let w be (-2)/(-8) + (-9)/(-12). Let s(k) = -6*k - 1. Let v(a) = w*s(a) - 5*j(a). Let n(i) = i**2 - 2*i + 2. Let b be n(3). What is v(b)?
-11
Let v(h) = 3*h - 5 - 7*h**2 + 3*h + 8*h**2. What is v(-6)?
-5
Let p(c) = c**3 - 4*c**2 - c. Let d(b) = b**2 + 16*b + 52. Let i be d(-12). Calculate p(i).
-4
Let x(j) = 30*j + 21. Let w(c) = -3*c - 2. Let k(p) = 21*w(p) + 2*x(p). What is k(-2)?
6
Let t(g) be the first derivative of -g**4/4 - 7*g**3/3 - 3*g**2 - 6*g + 7. Determine t(-6).
-6
Let s = 263 - 268. Suppose 3*o = -m, 4*o = -3*m - o + 4. Let a(k) = -4*k + m*k + 0*k. What is a(s)?
5
Let d(o) be the first derivative of o**2 - 4*o + 4. Let p(z) = z**2 + z - 1. Let h be p(-3). Give d(h).
6
Suppose -3*y + 0*y = -6. Suppose -5*d + 9 = -y*d. Let c(a) = 0*a**d - 3*a**2 + 4*a - a**3 - 3 + 1. Give c(-4).
-2
Let f(l) = -l**2 - 11*l - 15. Let q be f(-10). Let h(i) = 2*i + 2. Let d(m) = 4*m + 3. Let s(w) = q*h(w) + 3*d(w). Determine s(4).
7
Let t(b) = -b**2 + 10*b + 11. Let h be t(11). Suppose 4*d = -l + 5, 0 = -5*d - 2*l - h*l + 4. Let w(v) = 1 + v + 0 - 2. What is w(d)?
1
Let q(x) = x**3 - x**2 - x - 1. Let i(h) = -12*h**3 + 16*h**2 + 16*h + 16. Let c(b) = i(b) + 16*q(b). Determine c(1).
4
Let v(b) = -5*b**3 + 9*b**2 - 2*b - 17. Let u = 8 + -1. Let h(s) = 3*s**3 - 5*s**2 + s + 9. Let c(n) = u*h(n) + 4*v(n). Give c(0).
-5
Let i(x) be the third derivative of -x**6/120 - x**5/60 + x**4/24 - 7*x**2. Give i(1).
-1
Let i(m) be the second derivative of -m**3/6 - 3*m. Calculate i(5).
-5
Let x = 4 - 1. Let o(g) = 2 - 3 + 2. Let k(u) = -4*u - 2. Let z(i) = k(i) + 5*o(i). What is z(x)?
-9
Let z(k) = -5*k - 6*k + 10*k + 4*k**2. Calculate z(-1).
5
Let q(y) = y - 1. Let i(t) = 5*t**3 + t**2 + t - 1. Let c be i(1). Let k(l) = -l + 8. Let u be k(c). Give q(u).
1
Let l(n) = -n**3 - 5*n**2 - 4*n + 1. Let t be l(-4). Let u be (t + 2)/1 + 2. Suppose u = -k + 1. Let b(o) = o - 2. Calculate b(k).
-6
Let r(c) = -6*c + 2*c - 2*c. Let d(h) = -11*h. Suppose -8*a + 16 = -4*a. Let b(t) = a*d(t) - 9*r(t). What is b(-1)?
-10
Suppose 2*x - 5 = 1. Let k(i) = 4*i**2 - 3*i + 1. Let g(y) = 2. Let p(s) = s**2 - s + 1. Let n(o) = -g(o) + 3*p(o). Let f(r) = x*n(r) - 2*k(r). What is f(3)?
1
Suppose -a = -2*p - 2, -p = -3*a + 9 + 2. Let d(g) = -3*g**2 + 4*g - 8. Let j(o) = 16*o**2 - 19*o + 41. Let l(b) = 11*d(b) + 2*j(b). Calculate l(a).
2
Let a(z) = z**2 - 13*z + 11. Suppose 104 - 8 = 8*f. Calculate a(f).
-1
Let u(a) = -4*a**2 + a + 1. Let s(l) = -l - 3 + 8*l**2 + 0 - 5 + l**3 - 1. Let w be s(-8). Let r be u(w). Let x(b) = b**3 + 5*b**2 + 4*b - 3. Give x(r).
-3
Let m = -39 + 33. Let a(q) = -q**2 - 5*q + 8. Calculate a(m).
2
Suppose 4*h - 3*d = -8, -4*h - 10 = 2*d - 22. Let z be (h + 0 - 2) + -4. Let r(v) = -v**2 - 4*v + 1. Let y be r(z). Let s(k) = k + 3. Determine s(y).
-1
Let d(l) be the second derivative of l**4/12 - l**3/3 - 2*l**2 + 22*l. Give d(5).
11
Suppose -m - 2*j + 4 = -6, 3*m = j + 16. Suppose -m*c = -2*c - 4. Let a(z) = z - 2*z - c + 3*z. Give a(4).
7
Let x(k) be the first derivative of -2*k**3/3 - k - 8. Let u be 0/1 + -1 - -2. What is x(u)?
-3
Let g(d) = d. Let k(i) = i + 1. Let q(n) = -3*g(n) + k(n). Let s = 13 + -10. Determine q(s).
-5
Let o = 74 - 68. Suppose 4*m = -0*m + 20. Let p(a) = -m*a - 6 + a**2 + 2 - a. Calculate p(o).
-4
Let a(r) be the second derivative of r**2 + 4*r + 0 - 1/6*r**3. What is a(-5)?
7
Suppose -56 = -2*t - 60. Let i(o) = -2*o**2 + 3*o + 3. Give i(t).
-11
Suppose -4 = -5*z + z. Suppose p + z = 3. Let r(v) = -4*v - 4 + 0 + 7. Determine r(p).
-5
Let y(h) = -2*h**2 - 2*h + 1. Suppose 2 = -2*l + 4*q, 5*q = 3*l - 2*l + 13. Suppose -3*u = m - l, -m - 22 = 4*m - 4*u. Let o = -4 - m. Determine y(o).
-3
Let q(j) be the third derivative of j**4/24 + j**3/6 - 5*j**2. Calculate q(5).
6
Let b be ((-2)/(-2))/((-3)/(-12)). Let q = -1 + b. Let l = q - 0. Let g(h) = -h - 2. Calculate g(l).
-5
Let t(a) = -a - 3. Let r be 1/2 - (-49)/14. Suppose r = 4*m + 20. Determine t(m).
1
Let d(n) = 2*n**2 - 16*n + 9. Let h be d(7). Let r(c) = -c**3 - 6*c**2 - 5*c. Give r(h).
0
Let h(f) = -f**3 - 7*f**2 + 7*f - 10. Suppose -22 = -2*w + 8. Let z be ((-8)/(-3))/((-5)/w). Determine h(z).
-2
Let g(r) = r**2 - 3*r + 4. Suppose 3*w - 25 = -16. Calculate g(w).
4
Let z(s) = s**2 - 1188*s + 1190*s + 0*s**2 - 7. Suppose -2*r = -5*n - 14 - 17, -r - 7 = 2*n. What is z(n)?
8
Let g(t) = t**2 - 6*t - 8. Let x be 3 + (-51)/3 - -2. Let b be (x + 0)*(-9)/18. Determine g(b).
-8
Let d(q) = 2*q - q**2 - 2 + q + 0*q. Let w be 1/1 + (-2 - -4) + 2. Determine d(w).
-12
Suppose v - 5 - 2 = 3*y, 5*y - 4*v = -21. Let r(w) = -w**2 + w + 1. Let b(t) = -4*t**2 + 9*t + 8. Let f(o) = y*b(o) + 5*r(o). Give f(-4).
-3
Let j(m) be the first derivative of m**6/360 - m**5/40 + 